{"id":104,"date":"2018-02-10T00:34:07","date_gmt":"2018-02-09T23:34:07","guid":{"rendered":"http:\/\/saint-remy-chevreuse-tt.fr\/?page_id=104"},"modified":"2022-08-28T11:27:44","modified_gmt":"2022-08-28T09:27:44","slug":"horaires","status":"publish","type":"page","link":"https:\/\/saint-remy-chevreuse-tt.fr\/index.php\/horaires\/","title":{"rendered":"Horaires"},"content":{"rendered":"<div id=\"cc-m-5157993950\" class=\"j-module n j-hr \">\n<h3 class=\"hr\"><span style=\"color: #0000ff;\"><strong>Les horaires d&rsquo;entrainements et de comp\u00e9titions<\/strong><\/span><\/h3>\n<\/div>\n<div id=\"cc-m-5157997150\" class=\"j-module n j-hr \">\n<div class=\"hr\">\n<p><span style=\"color: #000000;\">Le club dispose d&rsquo;heures allou\u00e9es au tennis de table pour l&rsquo;entrainement et les comp\u00e9titions<\/span><\/p>\n<p><strong><span style=\"color: #0000ff;\">Horaire des entrainements<\/span><br \/>\n<\/strong>\n<table id=\"tablepress-3\" class=\"tablepress tablepress-id-3\">\n<thead>\n<tr class=\"row-1 odd\">\n\t<th class=\"column-1\"><strong>Jour<\/strong><\/th><th class=\"column-2\"><strong>Horaire<\/strong><\/th><th class=\"column-3\"><strong>Type d'entrainement<\/strong><\/th>\n<\/tr>\n<\/thead>\n<tbody class=\"row-hover\">\n<tr class=\"row-2 even\">\n\t<td class=\"column-1\"><strong>Lundi<\/strong><\/td><td class=\"column-2\">17h30 - 19h30<\/td><td class=\"column-3\">Jeunes Initiation<\/td>\n<\/tr>\n<tr class=\"row-3 odd\">\n\t<td class=\"column-1\"><strong>Mardi<\/strong><\/td><td class=\"column-2\">18h00 - 20h00<\/td><td class=\"column-3\">Jeunes Perfectionnement<\/td>\n<\/tr>\n<tr class=\"row-4 even\">\n\t<td class=\"column-1\"><\/td><td class=\"column-2\">20h00 - 22h00<\/td><td class=\"column-3\">Adultes<\/td>\n<\/tr>\n<tr class=\"row-5 odd\">\n\t<td class=\"column-1\"><strong>Mercredi<\/strong><\/td><td class=\"column-2\">17h00 - 18h30<\/td><td class=\"column-3\">Jeunes Tous niveaux<\/td>\n<\/tr>\n<tr class=\"row-6 even\">\n\t<td class=\"column-1\"><\/td><td class=\"column-2\">18h30 - 20h00<\/td><td class=\"column-3\">Jeunes Tous niveaux<\/td>\n<\/tr>\n<tr class=\"row-7 odd\">\n\t<td class=\"column-1\"><\/td><td class=\"column-2\">20h00 - 22h00<\/td><td class=\"column-3\">Adultes<br \/>\n<\/td>\n<\/tr>\n<tr class=\"row-8 even\">\n\t<td class=\"column-1\"><strong>Jeudi<\/strong><\/td><td class=\"column-2\">17h30 - 19h30<\/td><td class=\"column-3\">Jeunes Comp\u00e9tition<\/td>\n<\/tr>\n<tr class=\"row-9 odd\">\n\t<td class=\"column-1\"><strong>Vendredi<\/strong><\/td><td class=\"column-2\">20h00 - 22h30<\/td><td class=\"column-3\">Comp\u00e9titions<\/td>\n<\/tr>\n<tr class=\"row-10 even\">\n\t<td class=\"column-1\"><strong>Samedi<\/strong><\/td><td class=\"column-2\">15h00 - 17h00<\/td><td class=\"column-3\">Comp\u00e9titions<\/td>\n<\/tr>\n<tr class=\"row-11 odd\">\n\t<td class=\"column-1\"><strong>Dimanche<\/strong><\/td><td class=\"column-2\">10h00 - 13h00<\/td><td class=\"column-3\">Libre<\/td>\n<\/tr>\n<\/tbody>\n<\/table>\n<!-- #tablepress-3 from cache -->\n<p><span style=\"color: #0000ff;\"><strong>Horaire des comp\u00e9titions<br \/>\n<\/strong><\/span>\n<table id=\"tablepress-5\" class=\"tablepress tablepress-id-5\">\n<thead>\n<tr class=\"row-1 odd\">\n\t<th class=\"column-1\"><strong>Jour<\/strong><\/th><th class=\"column-2\"><strong>Horaire<\/strong><\/th><th class=\"column-3\"><strong>Cat\u00e9gories<\/strong><\/th><th class=\"column-4\"><strong>Comp\u00e9titions<\/strong><\/th>\n<\/tr>\n<\/thead>\n<tbody class=\"row-hover\">\n<tr class=\"row-2 even\">\n\t<td class=\"column-1\"><strong>Vendredi<\/strong><\/td><td class=\"column-2\">20h00 - 01h00<\/td><td class=\"column-3\">Adultes<\/td><td class=\"column-4\">Championnat par \u00e9quipes,<br \/>\nPromo d'honneur<\/td>\n<\/tr>\n<tr class=\"row-3 odd\">\n\t<td class=\"column-1\"><strong>Samedi<\/strong><\/td><td class=\"column-2\">13h00 - 19h00<\/td><td class=\"column-3\">Adultes, Jeunes<\/td><td class=\"column-4\">Championnat par \u00e9quipes R\u00e9gional,<br \/>\nChampionnat par \u00e9quipes Jeunes,<br \/>\nChampionnat Individuels Jeunes<\/td>\n<\/tr>\n<tr class=\"row-4 even\">\n\t<td class=\"column-1\"><strong>Dimanche<\/strong><\/td><td class=\"column-2\">08h00 - 15h00<\/td><td class=\"column-3\">Adultes<\/td><td class=\"column-4\">Championnat Individuels Adultes<\/td>\n<\/tr>\n<\/tbody>\n<\/table>\n<!-- #tablepress-5 from cache -->\n<\/div>\n<\/div>\n<div id=\"cc-m-5199947650\" class=\"j-module n j-text \"><\/div>\n","protected":false},"excerpt":{"rendered":"<p>Les horaires d&rsquo;entrainements et de comp\u00e9titions Le club dispose d&rsquo;heures allou\u00e9es au tennis de table pour l&rsquo;entrainement et les comp\u00e9titions Horaire des entrainements Horaire des comp\u00e9titions<\/p>\n","protected":false},"author":1,"featured_media":0,"parent":0,"menu_order":0,"comment_status":"closed","ping_status":"closed","template":"","meta":{"footnotes":""},"class_list":["post-104","page","type-page","status-publish","hentry"],"aioseo_notices":[],"jetpack_sharing_enabled":true,"jetpack_shortlink":"https:\/\/wp.me\/P9Eq5I-1G","jetpack_likes_enabled":false,"jetpack-related-posts":[],"post_mailing_queue_ids":[],"_links":{"self":[{"href":"https:\/\/saint-remy-chevreuse-tt.fr\/index.php\/wp-json\/wp\/v2\/pages\/104"}],"collection":[{"href":"https:\/\/saint-remy-chevreuse-tt.fr\/index.php\/wp-json\/wp\/v2\/pages"}],"about":[{"href":"https:\/\/saint-remy-chevreuse-tt.fr\/index.php\/wp-json\/wp\/v2\/types\/page"}],"author":[{"embeddable":true,"href":"https:\/\/saint-remy-chevreuse-tt.fr\/index.php\/wp-json\/wp\/v2\/users\/1"}],"replies":[{"embeddable":true,"href":"https:\/\/saint-remy-chevreuse-tt.fr\/index.php\/wp-json\/wp\/v2\/comments?post=104"}],"version-history":[{"count":5,"href":"https:\/\/saint-remy-chevreuse-tt.fr\/index.php\/wp-json\/wp\/v2\/pages\/104\/revisions"}],"predecessor-version":[{"id":406,"href":"https:\/\/saint-remy-chevreuse-tt.fr\/index.php\/wp-json\/wp\/v2\/pages\/104\/revisions\/406"}],"wp:attachment":[{"href":"https:\/\/saint-remy-chevreuse-tt.fr\/index.php\/wp-json\/wp\/v2\/media?parent=104"}],"curies":[{"name":"wp","href":"https:\/\/api.w.org\/{rel}","templated":true}]}}