{"id":111,"date":"2018-02-10T00:47:20","date_gmt":"2018-02-09T23:47:20","guid":{"rendered":"http:\/\/saint-remy-chevreuse-tt.fr\/?page_id=111"},"modified":"2018-09-17T20:42:34","modified_gmt":"2018-09-17T18:42:34","slug":"inscriptions","status":"publish","type":"page","link":"https:\/\/saint-remy-chevreuse-tt.fr\/index.php\/inscriptions\/","title":{"rendered":"Inscriptions"},"content":{"rendered":"<p><strong>Pi\u00e8ces \u00e0 joindre \u00e0 l\u2019inscription :<\/strong><br \/>\n1) une photo<br \/>\n2) une enveloppe timbr\u00e9e<br \/>\n3, 4, 5) les fiches ci-dessous \u00e0 imprimer et remplir<p><span class=\"gdm-drivefile-embed\"><img decoding=\"async\" src=\"https:\/\/drive-thirdparty.googleusercontent.com\/16\/type\/application\/pdf\" width=\"16\" height=\"16\" \/> <a href=\"https:\/\/drive.google.com\/uc?id=1jbEtvc-OTOVSis-2SwiAbd-nflSuuY-b&#038;export=download\">Fiche d&#039;Inscription 2018-2019 V1.pdf<\/a><\/span><\/p><p><span class=\"gdm-drivefile-embed\"><img decoding=\"async\" src=\"https:\/\/drive-thirdparty.googleusercontent.com\/16\/type\/application\/pdf\" width=\"16\" height=\"16\" \/> <a href=\"https:\/\/drive.google.com\/uc?id=1r_0mFJyR7YU1IXx7DwN-fYAFU2LN-wf2&#038;export=download\">certificat medical 2017-2018.pdf<\/a><\/span><\/p><p><span class=\"gdm-drivefile-embed\"><img decoding=\"async\" src=\"https:\/\/drive-thirdparty.googleusercontent.com\/16\/type\/application\/pdf\" width=\"16\" height=\"16\" \/> <a href=\"https:\/\/drive.google.com\/uc?id=1w-nELlBicKTEfqtGOcIiIY-YRn1v-Y02&#038;export=download\">auto-questionnaire-de-sante-2017-2018-1846.pdf<\/a><\/span><\/p>\n6) le r\u00e8glement financier<\/p>\n<p><strong>Pour information <\/strong>:<p><span class=\"gdm-drivefile-embed\"><img decoding=\"async\" src=\"https:\/\/drive-thirdparty.googleusercontent.com\/16\/type\/application\/pdf\" width=\"16\" height=\"16\" \/> <a href=\"https:\/\/drive.google.com\/uc?id=1M-iWkn98W-Rg9uLXNyAIVqaOIZrKtcVu&#038;export=download\">STREMYTT FICHE CLUB 2018-2019 V1.pdf<\/a><\/span><\/p>\n<p>&nbsp;<\/p>\n<p>&nbsp;<\/p>\n<p>&nbsp;<\/p>\n","protected":false},"excerpt":{"rendered":"<p>Pi\u00e8ces \u00e0 joindre \u00e0 l\u2019inscription : 1) une photo 2) une enveloppe timbr\u00e9e 3, 4, 5) les fiches ci-dessous \u00e0 imprimer et remplir 6) le r\u00e8glement financier Pour information : &nbsp; &nbsp; &nbsp;<\/p>\n","protected":false},"author":1,"featured_media":0,"parent":0,"menu_order":0,"comment_status":"closed","ping_status":"closed","template":"","meta":{"footnotes":""},"class_list":["post-111","page","type-page","status-publish","hentry"],"aioseo_notices":[],"jetpack_sharing_enabled":true,"jetpack_shortlink":"https:\/\/wp.me\/P9Eq5I-1N","jetpack_likes_enabled":false,"jetpack-related-posts":[],"post_mailing_queue_ids":[],"_links":{"self":[{"href":"https:\/\/saint-remy-chevreuse-tt.fr\/index.php\/wp-json\/wp\/v2\/pages\/111"}],"collection":[{"href":"https:\/\/saint-remy-chevreuse-tt.fr\/index.php\/wp-json\/wp\/v2\/pages"}],"about":[{"href":"https:\/\/saint-remy-chevreuse-tt.fr\/index.php\/wp-json\/wp\/v2\/types\/page"}],"author":[{"embeddable":true,"href":"https:\/\/saint-remy-chevreuse-tt.fr\/index.php\/wp-json\/wp\/v2\/users\/1"}],"replies":[{"embeddable":true,"href":"https:\/\/saint-remy-chevreuse-tt.fr\/index.php\/wp-json\/wp\/v2\/comments?post=111"}],"version-history":[{"count":29,"href":"https:\/\/saint-remy-chevreuse-tt.fr\/index.php\/wp-json\/wp\/v2\/pages\/111\/revisions"}],"predecessor-version":[{"id":1450,"href":"https:\/\/saint-remy-chevreuse-tt.fr\/index.php\/wp-json\/wp\/v2\/pages\/111\/revisions\/1450"}],"wp:attachment":[{"href":"https:\/\/saint-remy-chevreuse-tt.fr\/index.php\/wp-json\/wp\/v2\/media?parent=111"}],"curies":[{"name":"wp","href":"https:\/\/api.w.org\/{rel}","templated":true}]}}