{"id":1740,"date":"2019-02-24T20:16:54","date_gmt":"2019-02-24T19:16:54","guid":{"rendered":"http:\/\/saint-remy-chevreuse-tt.fr\/?page_id=1740"},"modified":"2019-04-13T18:14:28","modified_gmt":"2019-04-13T16:14:28","slug":"tournoi-de-tennis-de-table-2019","status":"publish","type":"page","link":"https:\/\/saint-remy-chevreuse-tt.fr\/index.php\/tournoi-de-tennis-de-table-2019\/","title":{"rendered":"Tournoi de Tennis de Table 2019"},"content":{"rendered":"<p>L\u2019Association Saint-R\u00e9my-Chevreuse Tennis de Table organise le <strong>samedi 4 et dimanche 5 mai 2019<\/strong>, un Tournoi R\u00e9gional homologu\u00e9 n\u00b0 R 05\/19 de Tennis de Table. Ce tournoi, ouvert aux joueuses et joueurs licenci\u00e9s FFTT, d\u2019une dotation d\u2019une valeur de 1.820 EUROS se d\u00e9roulera au <strong>gymnase C3R 3 rue des \u00e9coles \u00e0 Saint-R\u00e9my-les-Chevreuse.<\/strong><\/p>\n<p><strong>Juge Arbitre du tournoi<\/strong> : <strong>M. Jean-Paul CHOUVIAC<\/strong><br \/>\n<strong>Spiddeur<\/strong> : <strong>Mme. Aur\u00e9lie PAINEAU<\/strong><\/p>\n<p><span class=\"gdm-drivefile-embed\"><img decoding=\"async\" src=\"https:\/\/drive-thirdparty.googleusercontent.com\/16\/type\/application\/pdf\" width=\"16\" height=\"16\" \/> <a href=\"https:\/\/drive.google.com\/file\/d\/1hymekCbCeFKuoh3FEA6rB1DKhA_rWKdC\/view?usp=drivesdk\" target=\"&quot;_blank&quot;\">SRACTT_Reglement_Tournoi_2019<\/a><\/span><\/p><p><span class=\"gdm-drivefile-embed\"><img decoding=\"async\" src=\"https:\/\/drive-thirdparty.googleusercontent.com\/16\/type\/application\/pdf\" width=\"16\" height=\"16\" \/> <a href=\"https:\/\/drive.google.com\/file\/d\/1yqCEPH3dIHPFGPgc6s6j6I0YUjXqq0Dd\/view?usp=drivesdk\" target=\"&quot;_blank&quot;\">Affiche Tournoi TT St Remy 2019<\/a><\/span><\/p>\n<p><a role=\"button\" href=\"http:\/\/saint-remy-chevreuse-tt.fr\/index.php\/inscription-tournoi-2019\/\"><br \/>\nInscription Tournoi<br \/>\n<\/a><\/p>\n","protected":false},"excerpt":{"rendered":"<p>L\u2019Association Saint-R\u00e9my-Chevreuse Tennis de Table organise le samedi 4 et dimanche 5 mai 2019, un Tournoi R\u00e9gional homologu\u00e9 n\u00b0 R 05\/19 de Tennis de Table. Ce tournoi, ouvert aux joueuses et joueurs licenci\u00e9s FFTT, d\u2019une dotation d\u2019une valeur de 1.820 EUROS se d\u00e9roulera au gymnase C3R 3 rue des \u00e9coles \u00e0 Saint-R\u00e9my-les-Chevreuse. Juge Arbitre du [&hellip;]<\/p>\n","protected":false},"author":1,"featured_media":0,"parent":0,"menu_order":0,"comment_status":"closed","ping_status":"closed","template":"","meta":{"footnotes":""},"class_list":["post-1740","page","type-page","status-publish","hentry"],"aioseo_notices":[],"jetpack_sharing_enabled":true,"jetpack_shortlink":"https:\/\/wp.me\/P9Eq5I-s4","jetpack_likes_enabled":false,"jetpack-related-posts":[],"post_mailing_queue_ids":[],"_links":{"self":[{"href":"https:\/\/saint-remy-chevreuse-tt.fr\/index.php\/wp-json\/wp\/v2\/pages\/1740"}],"collection":[{"href":"https:\/\/saint-remy-chevreuse-tt.fr\/index.php\/wp-json\/wp\/v2\/pages"}],"about":[{"href":"https:\/\/saint-remy-chevreuse-tt.fr\/index.php\/wp-json\/wp\/v2\/types\/page"}],"author":[{"embeddable":true,"href":"https:\/\/saint-remy-chevreuse-tt.fr\/index.php\/wp-json\/wp\/v2\/users\/1"}],"replies":[{"embeddable":true,"href":"https:\/\/saint-remy-chevreuse-tt.fr\/index.php\/wp-json\/wp\/v2\/comments?post=1740"}],"version-history":[{"count":60,"href":"https:\/\/saint-remy-chevreuse-tt.fr\/index.php\/wp-json\/wp\/v2\/pages\/1740\/revisions"}],"predecessor-version":[{"id":2167,"href":"https:\/\/saint-remy-chevreuse-tt.fr\/index.php\/wp-json\/wp\/v2\/pages\/1740\/revisions\/2167"}],"wp:attachment":[{"href":"https:\/\/saint-remy-chevreuse-tt.fr\/index.php\/wp-json\/wp\/v2\/media?parent=1740"}],"curies":[{"name":"wp","href":"https:\/\/api.w.org\/{rel}","templated":true}]}}