{"id":2635,"date":"2021-09-02T11:39:14","date_gmt":"2021-09-02T09:39:14","guid":{"rendered":"http:\/\/saint-remy-chevreuse-tt.fr\/?page_id=2635"},"modified":"2021-09-02T12:46:49","modified_gmt":"2021-09-02T10:46:49","slug":"annulation-tournoi-du-11-12-septembre-2021","status":"publish","type":"page","link":"https:\/\/saint-remy-chevreuse-tt.fr\/index.php\/annulation-tournoi-du-11-12-septembre-2021\/","title":{"rendered":"Annulation Tournoi du 11\/12 septembre 2021"},"content":{"rendered":"\t\t<div data-elementor-type=\"wp-page\" data-elementor-id=\"2635\" class=\"elementor elementor-2635\">\n\t\t\t\t\t\t<section class=\"elementor-section elementor-top-section elementor-element elementor-element-368bf299 elementor-section-boxed elementor-section-height-default elementor-section-height-default\" data-id=\"368bf299\" data-element_type=\"section\">\n\t\t\t\t\t\t<div class=\"elementor-container elementor-column-gap-default\">\n\t\t\t\t\t<div class=\"elementor-column elementor-col-100 elementor-top-column elementor-element elementor-element-79b64d1c\" data-id=\"79b64d1c\" data-element_type=\"column\">\n\t\t\t<div class=\"elementor-widget-wrap elementor-element-populated\">\n\t\t\t\t\t\t<div class=\"elementor-element elementor-element-2fff8dc7 elementor-widget elementor-widget-text-editor\" data-id=\"2fff8dc7\" data-element_type=\"widget\" data-widget_type=\"text-editor.default\">\n\t\t\t\t<div class=\"elementor-widget-container\">\n\t\t\t\t\t\t\t<p>Chers ami(e)s pongistes,<\/p><p>C&rsquo;est avec un immense regret et une tr\u00e8s grande frustration que nous vous annon\u00e7ons l&rsquo;annulation du tournoi pr\u00e9vu \u00e0 Saint-R\u00e9my-l\u00e8s-Chevreuse les 11 et 12 septembre prochains.<\/p><p>3 raisons majeures, sans doute li\u00e9es d&rsquo;ailleurs, expliquent cette d\u00e9cision difficile mais in\u00e9luctable.<\/p><p><strong>1) Tout d&rsquo;abord l&rsquo;impossibilit\u00e9 de garantir le bon d\u00e9roulement du tournoi dans un contexte de contraintes fortes li\u00e9es \u00e0 la situation sanitaire :<\/strong><\/p><ol><li style=\"list-style-type: none;\"><ol style=\"list-style-type: lower-alpha;\"><li>Contr\u00f4le permanent<br \/><ol style=\"list-style-type: lower-alpha;\"><li>du pass individuel \u00e0 l&rsquo;entr\u00e9e du complexe,<\/li><li>\u00e0 l&rsquo;entr\u00e9e pour les all\u00e9es et venues<\/li><\/ol><\/li><li>D\u00e9finition de sens de circulation,<\/li><li>R\u00e9duction impos\u00e9e de la capacit\u00e9 de la salle<\/li><\/ol><\/li><\/ol><p>Ces obligations nous semblant incompatibles avec les moyens humains et financiers actuels du Saint-R\u00e9my-Chevreuse Tennis de Table.<\/p><p><strong>2) Nous avons un manque de b\u00e9n\u00e9voles pour encadrer efficacement l&rsquo;organisation du tournoi pendant les deux jours.<\/strong><\/p><p><strong>3) Le nombre d&rsquo;inscriptions est demeur\u00e9 insuffisant \u00e0 ce jour m\u00eame si l&rsquo;on peut supposer qu&rsquo;elles auraient progress\u00e9 de mani\u00e8re significative avec la reprise dans les clubs en septembre.<\/strong><\/p><p>Maintenir le tournoi nous exposerait \u00e0 prendre des risques et ne pas \u00eatre en mesure de l&rsquo;organiser dans les meilleures conditions pour vous les comp\u00e9titeurs.<\/p><p>Mais il nous faut tr\u00e8s vite rebondir apr\u00e8s cette d\u00e9ception et nous avons la ferme intention de vous retrouver vers le mois Mai 2022, afin de participer \u00e0 ce qui devait \u00eatre notre second tournoi de la saison.<\/p><p>Dans cet intervalle, nous vous souhaitons une belle et intense saison de ping. Au plaisir de vous retrouver au printemps prochain.<\/p><p>Cordiales et sportives salutations.<\/p><p>La direction du SRCTT<\/p><p><span style=\"color: #ff0000;\"><strong>PS : bien \u00e9videmment les ch\u00e8ques d&rsquo;inscription qui nous ont \u00e9t\u00e9 envoy\u00e9s ne seront pas encaiss\u00e9s.<\/strong><\/span><\/p>\t\t\t\t\t\t<\/div>\n\t\t\t\t<\/div>\n\t\t\t\t\t<\/div>\n\t\t<\/div>\n\t\t\t\t\t<\/div>\n\t\t<\/section>\n\t\t\t\t<\/div>\n\t\t","protected":false},"excerpt":{"rendered":"<p>Chers ami(e)s pongistes, C&rsquo;est avec un immense regret et une tr\u00e8s grande frustration que nous vous annon\u00e7ons l&rsquo;annulation du tournoi pr\u00e9vu \u00e0 Saint-R\u00e9my-l\u00e8s-Chevreuse les 11 et 12 septembre prochains. 3 raisons majeures, sans doute li\u00e9es d&rsquo;ailleurs, expliquent cette d\u00e9cision difficile mais in\u00e9luctable. 1) Tout d&rsquo;abord l&rsquo;impossibilit\u00e9 de garantir le bon d\u00e9roulement du tournoi dans un [&hellip;]<\/p>\n","protected":false},"author":1,"featured_media":0,"parent":0,"menu_order":0,"comment_status":"closed","ping_status":"closed","template":"","meta":{"footnotes":""},"class_list":["post-2635","page","type-page","status-publish","hentry"],"aioseo_notices":[],"jetpack_sharing_enabled":true,"jetpack_shortlink":"https:\/\/wp.me\/P9Eq5I-Gv","jetpack_likes_enabled":false,"jetpack-related-posts":[],"post_mailing_queue_ids":[],"_links":{"self":[{"href":"https:\/\/saint-remy-chevreuse-tt.fr\/index.php\/wp-json\/wp\/v2\/pages\/2635"}],"collection":[{"href":"https:\/\/saint-remy-chevreuse-tt.fr\/index.php\/wp-json\/wp\/v2\/pages"}],"about":[{"href":"https:\/\/saint-remy-chevreuse-tt.fr\/index.php\/wp-json\/wp\/v2\/types\/page"}],"author":[{"embeddable":true,"href":"https:\/\/saint-remy-chevreuse-tt.fr\/index.php\/wp-json\/wp\/v2\/users\/1"}],"replies":[{"embeddable":true,"href":"https:\/\/saint-remy-chevreuse-tt.fr\/index.php\/wp-json\/wp\/v2\/comments?post=2635"}],"version-history":[{"count":6,"href":"https:\/\/saint-remy-chevreuse-tt.fr\/index.php\/wp-json\/wp\/v2\/pages\/2635\/revisions"}],"predecessor-version":[{"id":2643,"href":"https:\/\/saint-remy-chevreuse-tt.fr\/index.php\/wp-json\/wp\/v2\/pages\/2635\/revisions\/2643"}],"wp:attachment":[{"href":"https:\/\/saint-remy-chevreuse-tt.fr\/index.php\/wp-json\/wp\/v2\/media?parent=2635"}],"curies":[{"name":"wp","href":"https:\/\/api.w.org\/{rel}","templated":true}]}}