{"id":2896,"date":"2022-11-08T18:20:05","date_gmt":"2022-11-08T17:20:05","guid":{"rendered":"http:\/\/saint-remy-chevreuse-tt.fr\/?page_id=2896"},"modified":"2022-11-08T18:20:35","modified_gmt":"2022-11-08T17:20:35","slug":"mot-du-president-2022","status":"publish","type":"page","link":"https:\/\/saint-remy-chevreuse-tt.fr\/index.php\/mot-du-president-2022\/","title":{"rendered":"Mot du Pr\u00e9sident 2022"},"content":{"rendered":"\t\t<div data-elementor-type=\"wp-page\" data-elementor-id=\"2896\" class=\"elementor elementor-2896\">\n\t\t\t\t\t\t<section class=\"elementor-section elementor-top-section elementor-element elementor-element-fc77552 elementor-section-boxed elementor-section-height-default elementor-section-height-default\" data-id=\"fc77552\" data-element_type=\"section\">\n\t\t\t\t\t\t<div class=\"elementor-container elementor-column-gap-default\">\n\t\t\t\t\t<div class=\"elementor-column elementor-col-50 elementor-top-column elementor-element elementor-element-b805aed\" data-id=\"b805aed\" data-element_type=\"column\">\n\t\t\t<div class=\"elementor-widget-wrap elementor-element-populated\">\n\t\t\t\t\t\t<div class=\"elementor-element elementor-element-fdac621 elementor-widget elementor-widget-text-editor\" data-id=\"fdac621\" data-element_type=\"widget\" data-widget_type=\"text-editor.default\">\n\t\t\t\t<div class=\"elementor-widget-container\">\n\t\t\t\t\t\t\t<p>La pratique du tennis de table, comme tant d\u2019autres activit\u00e9s sportives, artistiques ou culturelles a \u00e9videmment \u00e9norm\u00e9ment souffert au cours des 24 derniers mois. Et pourtant les adh\u00e9rents du Saint-R\u00e9my-Chevreuse Tennis de Table (SRCTT) sont rest\u00e9s majoritairement fid\u00e8les \u00e0 notre sport.<\/p><p>Gr\u00e2ce \u00e0 cela, le club a toujours autant d\u2019ambitions pour r\u00e9unir autour de la table bleue parfois verte, le maximum de jeunes, leurs parents, des pratiquants loisir et des comp\u00e9titeurs acharn\u00e9s.<\/p>\t\t\t\t\t\t<\/div>\n\t\t\t\t<\/div>\n\t\t\t\t\t<\/div>\n\t\t<\/div>\n\t\t\t\t<div class=\"elementor-column elementor-col-50 elementor-top-column elementor-element elementor-element-12f2179\" data-id=\"12f2179\" data-element_type=\"column\">\n\t\t\t<div class=\"elementor-widget-wrap elementor-element-populated\">\n\t\t\t\t\t\t<div class=\"elementor-element elementor-element-7f08aa0 elementor-widget elementor-widget-image\" data-id=\"7f08aa0\" data-element_type=\"widget\" data-widget_type=\"image.default\">\n\t\t\t\t<div class=\"elementor-widget-container\">\n\t\t\t\t\t\t\t\t\t\t\t\t\t<img decoding=\"async\" data-attachment-id=\"2596\" data-permalink=\"https:\/\/saint-remy-chevreuse-tt.fr\/marc-v-2019\/\" data-orig-file=\"https:\/\/i0.wp.com\/saint-remy-chevreuse-tt.fr\/wp-content\/uploads\/2021\/07\/Marc-V-2019.jpg?fit=1670%2C1670&amp;ssl=1\" data-orig-size=\"1670,1670\" data-comments-opened=\"0\" data-image-meta=\"{&quot;aperture&quot;:&quot;7.1&quot;,&quot;credit&quot;:&quot;&quot;,&quot;camera&quot;:&quot;Canon EOS 5D Mark IV&quot;,&quot;caption&quot;:&quot;&quot;,&quot;created_timestamp&quot;:&quot;1556979937&quot;,&quot;copyright&quot;:&quot;&quot;,&quot;focal_length&quot;:&quot;70&quot;,&quot;iso&quot;:&quot;2000&quot;,&quot;shutter_speed&quot;:&quot;0.0025&quot;,&quot;title&quot;:&quot;&quot;,&quot;orientation&quot;:&quot;0&quot;}\" data-image-title=\"Marc V 2019\" data-image-description=\"\" data-image-caption=\"\" data-medium-file=\"https:\/\/i0.wp.com\/saint-remy-chevreuse-tt.fr\/wp-content\/uploads\/2021\/07\/Marc-V-2019.jpg?fit=300%2C300&amp;ssl=1\" data-large-file=\"https:\/\/i0.wp.com\/saint-remy-chevreuse-tt.fr\/wp-content\/uploads\/2021\/07\/Marc-V-2019.jpg?fit=654%2C654&amp;ssl=1\" tabindex=\"0\" role=\"button\" width=\"150\" height=\"150\" src=\"https:\/\/i0.wp.com\/saint-remy-chevreuse-tt.fr\/wp-content\/uploads\/2021\/07\/Marc-V-2019.jpg?resize=150%2C150&amp;ssl=1\" class=\"attachment-thumbnail size-thumbnail wp-image-2596\" alt=\"\" srcset=\"https:\/\/i0.wp.com\/saint-remy-chevreuse-tt.fr\/wp-content\/uploads\/2021\/07\/Marc-V-2019.jpg?w=1670&amp;ssl=1 1670w, https:\/\/i0.wp.com\/saint-remy-chevreuse-tt.fr\/wp-content\/uploads\/2021\/07\/Marc-V-2019.jpg?resize=300%2C300&amp;ssl=1 300w, https:\/\/i0.wp.com\/saint-remy-chevreuse-tt.fr\/wp-content\/uploads\/2021\/07\/Marc-V-2019.jpg?resize=1024%2C1024&amp;ssl=1 1024w, https:\/\/i0.wp.com\/saint-remy-chevreuse-tt.fr\/wp-content\/uploads\/2021\/07\/Marc-V-2019.jpg?resize=150%2C150&amp;ssl=1 150w, https:\/\/i0.wp.com\/saint-remy-chevreuse-tt.fr\/wp-content\/uploads\/2021\/07\/Marc-V-2019.jpg?resize=768%2C768&amp;ssl=1 768w, https:\/\/i0.wp.com\/saint-remy-chevreuse-tt.fr\/wp-content\/uploads\/2021\/07\/Marc-V-2019.jpg?resize=1536%2C1536&amp;ssl=1 1536w, https:\/\/i0.wp.com\/saint-remy-chevreuse-tt.fr\/wp-content\/uploads\/2021\/07\/Marc-V-2019.jpg?resize=1%2C1&amp;ssl=1 1w, https:\/\/i0.wp.com\/saint-remy-chevreuse-tt.fr\/wp-content\/uploads\/2021\/07\/Marc-V-2019.jpg?w=1308 1308w\" sizes=\"(max-width: 150px) 100vw, 150px\" data-attachment-id=\"2596\" data-permalink=\"https:\/\/saint-remy-chevreuse-tt.fr\/marc-v-2019\/\" data-orig-file=\"https:\/\/i0.wp.com\/saint-remy-chevreuse-tt.fr\/wp-content\/uploads\/2021\/07\/Marc-V-2019.jpg?fit=1670%2C1670&amp;ssl=1\" data-orig-size=\"1670,1670\" data-comments-opened=\"0\" data-image-meta=\"{&quot;aperture&quot;:&quot;7.1&quot;,&quot;credit&quot;:&quot;&quot;,&quot;camera&quot;:&quot;Canon EOS 5D Mark IV&quot;,&quot;caption&quot;:&quot;&quot;,&quot;created_timestamp&quot;:&quot;1556979937&quot;,&quot;copyright&quot;:&quot;&quot;,&quot;focal_length&quot;:&quot;70&quot;,&quot;iso&quot;:&quot;2000&quot;,&quot;shutter_speed&quot;:&quot;0.0025&quot;,&quot;title&quot;:&quot;&quot;,&quot;orientation&quot;:&quot;0&quot;}\" data-image-title=\"Marc V 2019\" data-image-description=\"\" data-image-caption=\"\" data-medium-file=\"https:\/\/i0.wp.com\/saint-remy-chevreuse-tt.fr\/wp-content\/uploads\/2021\/07\/Marc-V-2019.jpg?fit=300%2C300&amp;ssl=1\" data-large-file=\"https:\/\/i0.wp.com\/saint-remy-chevreuse-tt.fr\/wp-content\/uploads\/2021\/07\/Marc-V-2019.jpg?fit=654%2C654&amp;ssl=1\" role=\"button\" \/>\t\t\t\t\t\t\t\t\t\t\t\t\t<\/div>\n\t\t\t\t<\/div>\n\t\t\t\t\t<\/div>\n\t\t<\/div>\n\t\t\t\t\t<\/div>\n\t\t<\/section>\n\t\t\t\t<section class=\"elementor-section elementor-top-section elementor-element elementor-element-c9c92a9 elementor-section-boxed elementor-section-height-default elementor-section-height-default\" data-id=\"c9c92a9\" data-element_type=\"section\">\n\t\t\t\t\t\t<div class=\"elementor-container elementor-column-gap-default\">\n\t\t\t\t\t<div class=\"elementor-column elementor-col-100 elementor-top-column elementor-element elementor-element-7d06581\" data-id=\"7d06581\" data-element_type=\"column\">\n\t\t\t<div class=\"elementor-widget-wrap elementor-element-populated\">\n\t\t\t\t\t\t<div class=\"elementor-element elementor-element-8967719 elementor-widget elementor-widget-text-editor\" data-id=\"8967719\" data-element_type=\"widget\" data-widget_type=\"text-editor.default\">\n\t\t\t\t<div class=\"elementor-widget-container\">\n\t\t\t\t\t\t\t<p>Ce sont quasiment deux saisons blanches qui sont derri\u00e8re nous et il est grand temps que la vie normale reprenne.<\/p><p>Alors qu\u2019est-ce que la vie normale au SRCTT\u00a0?\u00a0 C\u2019est tr\u00e8s simple\u00a0: tous les jours de la semaine, une ou deux salles du Complexe des 3 rivi\u00e8res occup\u00e9es par des tables de ping, des joueuses et joueurs, sourire aux l\u00e8vres mais surtout raquette en main qui participent \u00e0 un entra\u00eenement ou jouent librement. La vie normale, c\u2019est le son inimitable et simultan\u00e9 de dizaines de frappes de balle et de leur rebond, quelques cris d\u2019encouragement ou de d\u00e9pit dans une ambiance m\u00eal\u00e9e de s\u00e9rieux et de d\u00e9tente.<\/p><p>La saison 2022-2023 s\u2019annonce v\u00e9ritablement palpitante avec en perspective, d\u2019un point de vue sportif, au moins une mont\u00e9e en division sup\u00e9rieure escompt\u00e9e pour un minimum de 4 des 8 \u00e9quipes adultes du club et un engagement important de notre jeune g\u00e9n\u00e9ration dans les comp\u00e9titions avec 5 \u00e9quipes dont une \u00e9quipe qui \u00e9voluera dans championnat adulte.<\/p><p>C\u00f4t\u00e9 festivit\u00e9, hormis l\u2019organisation de Tournois R\u00e9gional et National, c\u2019est principalement la r\u00e9ception de nos amis pongistes allemands de WACKERNHEIM dans le cadre de notre jumelage club qui sera le point fort de nos diverses manifestations en 2023.<\/p><p>La saison 2022-2023, c\u2019est aussi pour le club un tournant d\u00e9cisif avec l\u2019arriv\u00e9e comme entraineur de Xue Li (4 fois championne de France, m\u00e9daill\u00e9e de bronze aux championnats d\u2019Europe et 1\/8<sup>e<\/sup> de finaliste aux JO2016). Sa parfaite ma\u00eetrise technique du tennis de table va contribuer \u00e0 former nos joueurs et atteindre nos objectifs.<\/p><p>De quels objectifs parlons-nous\u00a0?\u00a0 Encore plus que par le pass\u00e9, le SRCTT veut \u00eatre LE club de la Vall\u00e9e de Chevreuse, satisfaisant l\u2019app\u00e9tit des comp\u00e9titeurs, r\u00e9servant un accueil chaleureux \u00e0 tous les pratiquants loisir et comme depuis plus de 40 ans, contribuant \u00e0 l\u2019\u00e9ducation, la reconnaissance par le sport d\u2019une multitude de jeunes pongistes.<\/p><p>Les membres du Bureau et le Comit\u00e9 Directeur sont totalement mobilis\u00e9s pour r\u00e9aliser ces ambitions mais c\u2019est aussi \u00e0 chaque adh\u00e9rent d\u2019apporter sa pierre \u00e0 l\u2019\u00e9difice. Nous proposons \u00e0 chacun d\u2019\u0153uvrer au sein du SRCTT, \u00e0 son \u00e9chelle, pour que notre club soit encore un lieu de coh\u00e9sion sociale, convivial tourn\u00e9 vers le progr\u00e8s dans le sport et par le sport.<\/p><p>Salutations amicales et sportives.<\/p><p>Marc Villeroy<\/p>\t\t\t\t\t\t<\/div>\n\t\t\t\t<\/div>\n\t\t\t\t\t<\/div>\n\t\t<\/div>\n\t\t\t\t\t<\/div>\n\t\t<\/section>\n\t\t\t\t<\/div>\n\t\t","protected":false},"excerpt":{"rendered":"<p>La pratique du tennis de table, comme tant d\u2019autres activit\u00e9s sportives, artistiques ou culturelles a \u00e9videmment \u00e9norm\u00e9ment souffert au cours des 24 derniers mois. Et pourtant les adh\u00e9rents du Saint-R\u00e9my-Chevreuse Tennis de Table (SRCTT) sont rest\u00e9s majoritairement fid\u00e8les \u00e0 notre sport. Gr\u00e2ce \u00e0 cela, le club a toujours autant d\u2019ambitions pour r\u00e9unir autour de la [&hellip;]<\/p>\n","protected":false},"author":1,"featured_media":0,"parent":0,"menu_order":0,"comment_status":"closed","ping_status":"closed","template":"","meta":{"footnotes":""},"class_list":["post-2896","page","type-page","status-publish","hentry"],"aioseo_notices":[],"jetpack_sharing_enabled":true,"jetpack_shortlink":"https:\/\/wp.me\/P9Eq5I-KI","jetpack_likes_enabled":false,"jetpack-related-posts":[],"post_mailing_queue_ids":[],"_links":{"self":[{"href":"https:\/\/saint-remy-chevreuse-tt.fr\/index.php\/wp-json\/wp\/v2\/pages\/2896"}],"collection":[{"href":"https:\/\/saint-remy-chevreuse-tt.fr\/index.php\/wp-json\/wp\/v2\/pages"}],"about":[{"href":"https:\/\/saint-remy-chevreuse-tt.fr\/index.php\/wp-json\/wp\/v2\/types\/page"}],"author":[{"embeddable":true,"href":"https:\/\/saint-remy-chevreuse-tt.fr\/index.php\/wp-json\/wp\/v2\/users\/1"}],"replies":[{"embeddable":true,"href":"https:\/\/saint-remy-chevreuse-tt.fr\/index.php\/wp-json\/wp\/v2\/comments?post=2896"}],"version-history":[{"count":2,"href":"https:\/\/saint-remy-chevreuse-tt.fr\/index.php\/wp-json\/wp\/v2\/pages\/2896\/revisions"}],"predecessor-version":[{"id":3043,"href":"https:\/\/saint-remy-chevreuse-tt.fr\/index.php\/wp-json\/wp\/v2\/pages\/2896\/revisions\/3043"}],"wp:attachment":[{"href":"https:\/\/saint-remy-chevreuse-tt.fr\/index.php\/wp-json\/wp\/v2\/media?parent=2896"}],"curies":[{"name":"wp","href":"https:\/\/api.w.org\/{rel}","templated":true}]}}

Mot du Président 2022

<div data-elementor-type="wp-page" data-elementor-id="2896" class="elementor elementor-2896">
						<section class="elementor-section elementor-top-section elementor-element elementor-element-fc77552 elementor-section-boxed elementor-section-height-default elementor-section-height-default" data-id="fc77552" data-element_type="section">
						<div class="elementor-container elementor-column-gap-default">
					<div class="elementor-column elementor-col-50 elementor-top-column elementor-element elementor-element-b805aed" data-id="b805aed" data-element_type="column">
			<div class="elementor-widget-wrap elementor-element-populated">
						<div class="elementor-element elementor-element-fdac621 elementor-widget elementor-widget-text-editor" data-id="fdac621" data-element_type="widget" data-widget_type="text-editor.default">
				<div class="elementor-widget-container">
							<p>La pratique du tennis de table, comme tant d’autres activités sportives, artistiques ou culturelles a évidemment énormément souffert au cours des 24 derniers mois. Et pourtant les adhérents du Saint-Rémy-Chevreuse Tennis de Table (SRCTT) sont restés majoritairement fidèles à notre sport.</p><p>Grâce à cela, le club a toujours autant d’ambitions pour réunir autour de la table bleue parfois verte, le maximum de jeunes, leurs parents, des pratiquants loisir et des compétiteurs acharnés.</p>						</div>
				</div>
					</div>
		</div>
				<div class="elementor-column elementor-col-50 elementor-top-column elementor-element elementor-element-12f2179" data-id="12f2179" data-element_type="column">
			<div class="elementor-widget-wrap elementor-element-populated">
						<div class="elementor-element elementor-element-7f08aa0 elementor-widget elementor-widget-image" data-id="7f08aa0" data-element_type="widget" data-widget_type="image.default">
				<div class="elementor-widget-container">
													<img decoding="async" data-attachment-id="2596" data-permalink="https://saint-remy-chevreuse-tt.fr/marc-v-2019/" data-orig-file="https://i0.wp.com/saint-remy-chevreuse-tt.fr/wp-content/uploads/2021/07/Marc-V-2019.jpg?fit=1670%2C1670&amp;ssl=1" data-orig-size="1670,1670" data-comments-opened="0" data-image-meta="{&quot;aperture&quot;:&quot;7.1&quot;,&quot;credit&quot;:&quot;&quot;,&quot;camera&quot;:&quot;Canon EOS 5D Mark IV&quot;,&quot;caption&quot;:&quot;&quot;,&quot;created_timestamp&quot;:&quot;1556979937&quot;,&quot;copyright&quot;:&quot;&quot;,&quot;focal_length&quot;:&quot;70&quot;,&quot;iso&quot;:&quot;2000&quot;,&quot;shutter_speed&quot;:&quot;0.0025&quot;,&quot;title&quot;:&quot;&quot;,&quot;orientation&quot;:&quot;0&quot;}" data-image-title="Marc V 2019" data-image-description="" data-image-caption="" data-medium-file="https://i0.wp.com/saint-remy-chevreuse-tt.fr/wp-content/uploads/2021/07/Marc-V-2019.jpg?fit=300%2C300&amp;ssl=1" data-large-file="https://i0.wp.com/saint-remy-chevreuse-tt.fr/wp-content/uploads/2021/07/Marc-V-2019.jpg?fit=654%2C654&amp;ssl=1" tabindex="0" role="button" width="150" height="150" src="https://i0.wp.com/saint-remy-chevreuse-tt.fr/wp-content/uploads/2021/07/Marc-V-2019.jpg?resize=150%2C150&amp;ssl=1" class="attachment-thumbnail size-thumbnail wp-image-2596" alt="" srcset="https://i0.wp.com/saint-remy-chevreuse-tt.fr/wp-content/uploads/2021/07/Marc-V-2019.jpg?w=1670&amp;ssl=1 1670w, https://i0.wp.com/saint-remy-chevreuse-tt.fr/wp-content/uploads/2021/07/Marc-V-2019.jpg?resize=300%2C300&amp;ssl=1 300w, https://i0.wp.com/saint-remy-chevreuse-tt.fr/wp-content/uploads/2021/07/Marc-V-2019.jpg?resize=1024%2C1024&amp;ssl=1 1024w, https://i0.wp.com/saint-remy-chevreuse-tt.fr/wp-content/uploads/2021/07/Marc-V-2019.jpg?resize=150%2C150&amp;ssl=1 150w, https://i0.wp.com/saint-remy-chevreuse-tt.fr/wp-content/uploads/2021/07/Marc-V-2019.jpg?resize=768%2C768&amp;ssl=1 768w, https://i0.wp.com/saint-remy-chevreuse-tt.fr/wp-content/uploads/2021/07/Marc-V-2019.jpg?resize=1536%2C1536&amp;ssl=1 1536w, https://i0.wp.com/saint-remy-chevreuse-tt.fr/wp-content/uploads/2021/07/Marc-V-2019.jpg?resize=1%2C1&amp;ssl=1 1w, https://i0.wp.com/saint-remy-chevreuse-tt.fr/wp-content/uploads/2021/07/Marc-V-2019.jpg?w=1308 1308w" sizes="(max-width: 150px) 100vw, 150px" data-attachment-id="2596" data-permalink="https://saint-remy-chevreuse-tt.fr/marc-v-2019/" data-orig-file="https://i0.wp.com/saint-remy-chevreuse-tt.fr/wp-content/uploads/2021/07/Marc-V-2019.jpg?fit=1670%2C1670&amp;ssl=1" data-orig-size="1670,1670" data-comments-opened="0" data-image-meta="{&quot;aperture&quot;:&quot;7.1&quot;,&quot;credit&quot;:&quot;&quot;,&quot;camera&quot;:&quot;Canon EOS 5D Mark IV&quot;,&quot;caption&quot;:&quot;&quot;,&quot;created_timestamp&quot;:&quot;1556979937&quot;,&quot;copyright&quot;:&quot;&quot;,&quot;focal_length&quot;:&quot;70&quot;,&quot;iso&quot;:&quot;2000&quot;,&quot;shutter_speed&quot;:&quot;0.0025&quot;,&quot;title&quot;:&quot;&quot;,&quot;orientation&quot;:&quot;0&quot;}" data-image-title="Marc V 2019" data-image-description="" data-image-caption="" data-medium-file="https://i0.wp.com/saint-remy-chevreuse-tt.fr/wp-content/uploads/2021/07/Marc-V-2019.jpg?fit=300%2C300&amp;ssl=1" data-large-file="https://i0.wp.com/saint-remy-chevreuse-tt.fr/wp-content/uploads/2021/07/Marc-V-2019.jpg?fit=654%2C654&amp;ssl=1" role="button" />													</div>
				</div>
					</div>
		</div>
					</div>
		</section>
				<section class="elementor-section elementor-top-section elementor-element elementor-element-c9c92a9 elementor-section-boxed elementor-section-height-default elementor-section-height-default" data-id="c9c92a9" data-element_type="section">
						<div class="elementor-container elementor-column-gap-default">
					<div class="elementor-column elementor-col-100 elementor-top-column elementor-element elementor-element-7d06581" data-id="7d06581" data-element_type="column">
			<div class="elementor-widget-wrap elementor-element-populated">
						<div class="elementor-element elementor-element-8967719 elementor-widget elementor-widget-text-editor" data-id="8967719" data-element_type="widget" data-widget_type="text-editor.default">
				<div class="elementor-widget-container">
							<p>Ce sont quasiment deux saisons blanches qui sont derrière nous et il est grand temps que la vie normale reprenne.</p><p>Alors qu’est-ce que la vie normale au SRCTT ?  C’est très simple : tous les jours de la semaine, une ou deux salles du Complexe des 3 rivières occupées par des tables de ping, des joueuses et joueurs, sourire aux lèvres mais surtout raquette en main qui participent à un entraînement ou jouent librement. La vie normale, c’est le son inimitable et simultané de dizaines de frappes de balle et de leur rebond, quelques cris d’encouragement ou de dépit dans une ambiance mêlée de sérieux et de détente.</p><p>La saison 2022-2023 s’annonce véritablement palpitante avec en perspective, d’un point de vue sportif, au moins une montée en division supérieure escomptée pour un minimum de 4 des 8 équipes adultes du club et un engagement important de notre jeune génération dans les compétitions avec 5 équipes dont une équipe qui évoluera dans championnat adulte.</p><p>Côté festivité, hormis l’organisation de Tournois Régional et National, c’est principalement la réception de nos amis pongistes allemands de WACKERNHEIM dans le cadre de notre jumelage club qui sera le point fort de nos diverses manifestations en 2023.</p><p>La saison 2022-2023, c’est aussi pour le club un tournant décisif avec l’arrivée comme entraineur de Xue Li (4 fois championne de France, médaillée de bronze aux championnats d’Europe et 1/8<sup>e</sup> de finaliste aux JO2016). Sa parfaite maîtrise technique du tennis de table va contribuer à former nos joueurs et atteindre nos objectifs.</p><p>De quels objectifs parlons-nous ?  Encore plus que par le passé, le SRCTT veut être LE club de la Vallée de Chevreuse, satisfaisant l’appétit des compétiteurs, réservant un accueil chaleureux à tous les pratiquants loisir et comme depuis plus de 40 ans, contribuant à l’éducation, la reconnaissance par le sport d’une multitude de jeunes pongistes.</p><p>Les membres du Bureau et le Comité Directeur sont totalement mobilisés pour réaliser ces ambitions mais c’est aussi à chaque adhérent d’apporter sa pierre à l’édifice. Nous proposons à chacun d’œuvrer au sein du SRCTT, à son échelle, pour que notre club soit encore un lieu de cohésion sociale, convivial tourné vers le progrès dans le sport et par le sport.</p><p>Salutations amicales et sportives.</p><p>Marc Villeroy</p>						</div>
				</div>
					</div>
		</div>
					</div>
		</section>
				</div>

<p>La pratique du tennis de table, comme tant d’autres activités sportives, artistiques ou culturelles a évidemment énormément souffert au cours des 24 derniers mois. Et pourtant les adhérents du Saint-Rémy-Chevreuse Tennis de Table (SRCTT) sont restés majoritairement fidèles à notre sport. Grâce à cela, le club a toujours autant d’ambitions pour réunir autour de la [&hellip;]</p>
