{"id":3010,"date":"2023-12-11T12:23:32","date_gmt":"2023-12-11T11:23:32","guid":{"rendered":"http:\/\/saint-remy-chevreuse-tt.fr\/?page_id=3010"},"modified":"2023-12-11T12:27:27","modified_gmt":"2023-12-11T11:27:27","slug":"tarifs-cotisations-2023-2024","status":"publish","type":"page","link":"https:\/\/saint-remy-chevreuse-tt.fr\/index.php\/tarifs-cotisations-2023-2024\/","title":{"rendered":"Tarifs Cotisations 2023-2024"},"content":{"rendered":"\t\t<div data-elementor-type=\"wp-page\" data-elementor-id=\"3010\" class=\"elementor elementor-3010\">\n\t\t\t\t\t\t<section class=\"elementor-section elementor-top-section elementor-element elementor-element-4f5c9d82 elementor-section-boxed elementor-section-height-default elementor-section-height-default\" data-id=\"4f5c9d82\" data-element_type=\"section\">\n\t\t\t\t\t\t<div class=\"elementor-container elementor-column-gap-default\">\n\t\t\t\t\t<div class=\"elementor-column elementor-col-100 elementor-top-column elementor-element elementor-element-4bfbb689\" data-id=\"4bfbb689\" data-element_type=\"column\">\n\t\t\t<div class=\"elementor-widget-wrap elementor-element-populated\">\n\t\t\t\t\t\t<div class=\"elementor-element elementor-element-68f1eaf6 elementor-widget elementor-widget-text-editor\" data-id=\"68f1eaf6\" data-element_type=\"widget\" data-widget_type=\"text-editor.default\">\n\t\t\t\t<div class=\"elementor-widget-container\">\n\t\t\t\t\t\t\t<header class=\"entry-header\"><h1><div id=\"rpt_pricr\" class=\"rpt_plans rpt_2_plans rpt_style_basic\"><div class=\" rpt_sm_title rpt_xsm_subtitle rpt_sm_description rpt_xsm_price rpt_sm_button\"><div class=\"rpt_plan   rpt_plan_0 rpt_recommended_plan \"><div style=\"text-align:center;\" class=\"rpt_title rpt_title_0\">Cotisation Annuelle Adultes<img decoding=\"async\" data-recalc-dims=\"1\" style=\"height:30px !important; width:30px !important;\" class=\"rpt_recommended\" src=\"https:\/\/i0.wp.com\/saint-remy-chevreuse-tt.fr\/wp-content\/plugins\/dk-pricr-responsive-pricing-table\/inc\/img\/rpt_recommended.png?w=654&#038;ssl=1\"\/><\/div><div class=\"rpt_head rpt_head_0\"><div class=\"rpt_price rpt_price_0\">190 \u20ac<\/div><\/div><div class=\"rpt_features rpt_features_0\"><div style=\"color:black;\" class=\"rpt_feature rpt_feature_0-0\">Licence Assurance\r<\/div><div style=\"color:black;\" class=\"rpt_feature rpt_feature_0-1\">Pratique: Comp\u00e9titions (individuelles et \u00e9quipes)\r<\/div><div style=\"color:black;\" class=\"rpt_feature rpt_feature_0-2\">Pratique: Loisir-D\u00e9tente\r<\/div><div style=\"color:black;\" class=\"rpt_feature rpt_feature_0-3\">Initiation et perfectionnement (moniteurs dipl\u00f4m\u00e9s BE et FFTT)\r<\/div><div style=\"color:black;\" class=\"rpt_feature rpt_feature_0-4\">Manifestations et Convivialit\u00e9\r<\/div><div style=\"color:black;\" class=\"rpt_feature rpt_feature_0-5\">Vente mat\u00e9riel et \u00e9quipement (tarif partenaire)\r<\/div><div style=\"color:black;\" class=\"rpt_feature rpt_feature_0-6\">Section Handisport<\/div><\/div><a target=\"_self\" href=\"https:\/\/adhesions.saint-remy-chevreuse-tt.fr\/\" style=\"background:#1e73be\" class=\"rpt_foot rpt_foot_0\">Je m&#039;inscris<\/a><\/div><div class=\"rpt_plan   rpt_plan_2 rpt_recommended_plan \"><div style=\"text-align:center;\" class=\"rpt_title rpt_title_2\">Cotisation Annuelle Jeunes<img decoding=\"async\" data-recalc-dims=\"1\" style=\"height:30px !important; width:30px !important;\" class=\"rpt_recommended\" src=\"https:\/\/i0.wp.com\/saint-remy-chevreuse-tt.fr\/wp-content\/plugins\/dk-pricr-responsive-pricing-table\/inc\/img\/rpt_recommended.png?w=654&#038;ssl=1\"\/><\/div><div class=\"rpt_head rpt_head_2\"><div class=\"rpt_price rpt_price_2\">170 \u20ac<\/div><\/div><div class=\"rpt_features rpt_features_2\"><div style=\"color:black;\" class=\"rpt_feature rpt_feature_2-0\">Licence Assurance\r<\/div><div style=\"color:black;\" class=\"rpt_feature rpt_feature_2-1\">Pratique: Comp\u00e9titions (individuelles et \u00e9quipes)\r<\/div><div style=\"color:black;\" class=\"rpt_feature rpt_feature_2-2\">Pratique: Loisir-D\u00e9tente\r<\/div><div style=\"color:black;\" class=\"rpt_feature rpt_feature_2-3\">Initiation et perfectionnement (moniteurs dipl\u00f4m\u00e9s BE et FFTT)\r<\/div><div style=\"color:black;\" class=\"rpt_feature rpt_feature_2-4\">Manifestations et Convivialit\u00e9\r<\/div><div style=\"color:black;\" class=\"rpt_feature rpt_feature_2-5\">Vente mat\u00e9riel et \u00e9quipement (tarif partenaire)\r<\/div><div style=\"color:black;\" class=\"rpt_feature rpt_feature_2-6\">Section Handisport<\/div><\/div><a target=\"_self\" href=\"https:\/\/adhesions.saint-remy-chevreuse-tt.fr\/\" style=\"background:#1e73be\" class=\"rpt_foot rpt_foot_2\">Je m&#039;inscris<\/a><\/div><\/div><\/div><div style=\"clear:both;\"><\/div><\/h1><h1 class=\"entry-title\">Licences<\/h1><\/header><div class=\"entry-content\"><p>Toute personne qui d\u00e9sire pratiquer le tennis de table au sein de la FFTT doit \u00eatre titulaire d\u2019une licence.\u00a0La licence d\u00e9livr\u00e9e par la F\u00e9d\u00e9ration est une \u00ab\u00a0licence-assurance\u00a0\u00bb.<\/p><p>Elle\u00a0est valable pour une saison sportive (du 1er\u00a0juillet au 30 juin).<\/p><p>Il en existe deux cat\u00e9gories :<\/p><ul><li>traditionnelle,<\/li><li>promotionnelle.<\/li><\/ul><div><span style=\"color: #0000ff; font-size: 14pt;\"><strong>Licence traditionnelle (attach\u00e9e \u00e0 une association)<\/strong><\/span><\/div><div>La licence traditionnelle est obligatoire pour tous ceux qui veulent disputer des comp\u00e9titions dont la liste est arr\u00eat\u00e9e par la F\u00e9d\u00e9ration, la ligue et le comit\u00e9 d\u00e9partemental.<br \/> Elle concerne \u00e9galement tous les dirigeants et cadres d\u00e9sign\u00e9s ci-apr\u00e8s :<\/div><ul><li>pr\u00e9sident, secr\u00e9taire, tr\u00e9sorier \u00e9lus des associations ;<\/li><li>membres des comit\u00e9s directeurs de comit\u00e9s, des ligues et de la F\u00e9d\u00e9ration ;<\/li><li>arbitres et juges<\/li><li>arbitres en activit\u00e9 ;<\/li><li>cadres techniques f\u00e9d\u00e9raux et d\u2019Etat ;<\/li><li class=\"canvasWrapper\">cadres titulaires des brevets f\u00e9d\u00e9raux des certificats de qualification et des dipl\u00f4mes d\u2019Etat professionnels.<\/li><\/ul><div>\u00a0Le titulaire d\u2019une licence doit toujours \u00eatre en mesure de\u00a0justifier de son \u00e2ge.<br \/> Le titulaire d\u2019une licence ne peut participer aux \u00e9preuves\u00a0officielles que pour l\u2019association dans laquelle il est licenci\u00e9.<h4><span style=\"color: #0000ff;\">CONDITION DE D\u00c9LIVRANCE<\/span><\/h4><p>Une licence peut \u00eatre d\u00e9livr\u00e9e \u00e0 tout moment \u00e0 toute\u00a0personne n\u2019ayant pas \u00e9t\u00e9 licenci\u00e9e en France ou dans\u00a0une f\u00e9d\u00e9ration nationale \u00e9trang\u00e8re, au cours de la saison\u00a0pr\u00e9c\u00e9dente ou renouvelant sa licence au titre du m\u00eame\u00a0club ou ayant obtenu une mutation. <br \/>Une licence valid\u00e9e \u00e0 une date post\u00e9rieure au 31 octobre\u00a0interdit au titulaire \u00ab\u00a0num\u00e9rot\u00e9\u00a0\u00bb la participation aux\u00a0\u00e9preuves par \u00e9quipes pour le reste de la saison sauf s\u2019il\u00a0renouvelle sa licence pour la m\u00eame association.<\/p><\/div><div><span style=\"font-size: 14pt; color: #0000ff;\"><strong>Licence promotionnelle (attach\u00e9e \u00e0 une association)<\/strong><\/span><\/div><div>La licence promotionnelle concerne tous ceux qui pratiquent :<\/div><ul><li>en loisir,<\/li><li>elle permet de participer aux comp\u00e9titions promotionnelles d\u00e9finies par la ligue, la f\u00e9d\u00e9ration ou le comit\u00e9 d\u00e9partemental autres que celles pour lesquelles la licence traditionnelle est obligatoire.<\/li><\/ul><p>Une personne titulaire d\u2019une licence promotionnelle peut participer \u00e0 une comp\u00e9tition r\u00e9serv\u00e9e aux titulaires d\u2019une licence traditionnelle si l\u2019une des conditions suivantes est remplie :<\/p><ul><li>elle n\u2019\u00e9tait pas licenci\u00e9e la saison pr\u00e9c\u00e9dente ;<\/li><li>elle a renouvel\u00e9 sa licence au titre de la m\u00eame association ;<\/li><li>elle poss\u00e9dait une licence promotionnelle dans une autre association la saison pr\u00e9c\u00e9dente.<\/li><\/ul><div>Dans ces trois cas, la licence est alors imm\u00e9diatement requalifi\u00e9e en licence traditionnelle.<\/div><div>Pour une personne titulaire d\u2019une licence promotionnelle et qui poss\u00e9dait une licence traditionnelle dans une autre association lors de la saison en cours ou lors de la saison pr\u00e9c\u00e9dente, sa participation \u00e0 une comp\u00e9tition r\u00e9serv\u00e9e aux titulaires d\u2019une licence traditionnelle n\u00e9cessite une mutation exceptionnelle.<\/div><h4><span style=\"color: #0000ff;\">G\u00c9N\u00c9RALIT\u00c9S<\/span><\/h4><p>Elle\u00a0est valable pour une saison sportive (du 1er\u00a0juillet au 30 juin).<br \/> Aucune photocopie n\u2019est accept\u00e9e.<\/p><h4><span style=\"color: #0000ff;\">CHANGEMENT D\u2019ASSOCIATION<\/span><\/h4><p>Le titulaire d\u2019une licence promotionnelle peut changer\u00a0d\u2019association \u00e0 tout moment apr\u00e8s avoir utilis\u00e9 l\u2019imprim\u00e9\u00a0de mutation promotionnelle.<\/p><h4><span style=\"color: #0000ff;\">REQUALIFICATION EN LICENCE TRADITIONNELLE<\/span><\/h4><p>Le titulaire d\u2019une licence promotionnelle peut participer \u00e0\u00a0une comp\u00e9tition r\u00e9serv\u00e9e aux titulaires d\u2019une licence traditionnelle\u00a0aux conditions suivantes :<\/p><ul><li>ou de n\u2019avoir pas \u00e9t\u00e9 licenci\u00e9 la saison pr\u00e9c\u00e9dente,<\/li><li>ou de n\u2019avoir pas \u00e9t\u00e9 licenci\u00e9 en traditionnelle la saison\u00a0pr\u00e9c\u00e9dente (sauf si les conditions de la mutation exceptionnelle\u00a0sont respect\u00e9es),<\/li><li>ou de renouveler sa licence au titre de la m\u00eame association.<\/li><\/ul><p>La licence est alors imm\u00e9diatement requalifi\u00e9e en traditionnelle.<br \/> Il appartient \u00e0 chaque instance gestionnaire des\u00a0licences de d\u00e9finir les modalit\u00e9s de r\u00e9gularisation.<\/p><p>Source : Fiches Pratiques de la F\u00e9d\u00e9ration Fran\u00e7aise de Tennis de Table<\/p><\/div>\t\t\t\t\t\t<\/div>\n\t\t\t\t<\/div>\n\t\t\t\t\t<\/div>\n\t\t<\/div>\n\t\t\t\t\t<\/div>\n\t\t<\/section>\n\t\t\t\t<\/div>\n\t\t","protected":false},"excerpt":{"rendered":"<p>Licences Toute personne qui d\u00e9sire pratiquer le tennis de table au sein de la FFTT doit \u00eatre titulaire d\u2019une licence.\u00a0La licence d\u00e9livr\u00e9e par la F\u00e9d\u00e9ration est une \u00ab\u00a0licence-assurance\u00a0\u00bb. Elle\u00a0est valable pour une saison sportive (du 1er\u00a0juillet au 30 juin). Il en existe deux cat\u00e9gories : traditionnelle, promotionnelle. Licence traditionnelle (attach\u00e9e \u00e0 une association)La licence traditionnelle [&hellip;]<\/p>\n","protected":false},"author":1,"featured_media":0,"parent":0,"menu_order":0,"comment_status":"closed","ping_status":"closed","template":"","meta":{"footnotes":""},"class_list":["post-3010","page","type-page","status-publish","hentry"],"aioseo_notices":[],"jetpack_sharing_enabled":true,"jetpack_shortlink":"https:\/\/wp.me\/P9Eq5I-My","jetpack_likes_enabled":false,"jetpack-related-posts":[],"post_mailing_queue_ids":[],"_links":{"self":[{"href":"https:\/\/saint-remy-chevreuse-tt.fr\/index.php\/wp-json\/wp\/v2\/pages\/3010"}],"collection":[{"href":"https:\/\/saint-remy-chevreuse-tt.fr\/index.php\/wp-json\/wp\/v2\/pages"}],"about":[{"href":"https:\/\/saint-remy-chevreuse-tt.fr\/index.php\/wp-json\/wp\/v2\/types\/page"}],"author":[{"embeddable":true,"href":"https:\/\/saint-remy-chevreuse-tt.fr\/index.php\/wp-json\/wp\/v2\/users\/1"}],"replies":[{"embeddable":true,"href":"https:\/\/saint-remy-chevreuse-tt.fr\/index.php\/wp-json\/wp\/v2\/comments?post=3010"}],"version-history":[{"count":2,"href":"https:\/\/saint-remy-chevreuse-tt.fr\/index.php\/wp-json\/wp\/v2\/pages\/3010\/revisions"}],"predecessor-version":[{"id":3012,"href":"https:\/\/saint-remy-chevreuse-tt.fr\/index.php\/wp-json\/wp\/v2\/pages\/3010\/revisions\/3012"}],"wp:attachment":[{"href":"https:\/\/saint-remy-chevreuse-tt.fr\/index.php\/wp-json\/wp\/v2\/media?parent=3010"}],"curies":[{"name":"wp","href":"https:\/\/api.w.org\/{rel}","templated":true}]}}