{"id":607,"date":"2018-02-17T12:43:43","date_gmt":"2018-02-17T11:43:43","guid":{"rendered":"http:\/\/saint-remy-chevreuse-tt.fr\/?page_id=607"},"modified":"2020-09-20T22:31:56","modified_gmt":"2020-09-20T20:31:56","slug":"palmares","status":"publish","type":"page","link":"https:\/\/saint-remy-chevreuse-tt.fr\/index.php\/palmares\/","title":{"rendered":"Palmar\u00e8s"},"content":{"rendered":"\t\t<div data-elementor-type=\"wp-post\" data-elementor-id=\"607\" class=\"elementor elementor-607\">\n\t\t\t\t\t\t<section class=\"elementor-section elementor-top-section elementor-element elementor-element-165d1ce elementor-section-full_width animated-slow elementor-section-height-default elementor-section-height-default elementor-invisible\" data-id=\"165d1ce\" data-element_type=\"section\" data-settings=\"{&quot;animation&quot;:&quot;rotateInDownRight&quot;}\">\n\t\t\t\t\t\t<div class=\"elementor-container elementor-column-gap-default\">\n\t\t\t\t\t<div class=\"elementor-column elementor-col-100 elementor-top-column elementor-element elementor-element-5fca6d57\" data-id=\"5fca6d57\" data-element_type=\"column\">\n\t\t\t<div class=\"elementor-widget-wrap elementor-element-populated\">\n\t\t\t\t\t\t<div class=\"elementor-element elementor-element-3a48b3b elementor-widget elementor-widget-text-editor\" data-id=\"3a48b3b\" data-element_type=\"widget\" data-widget_type=\"text-editor.default\">\n\t\t\t\t<div class=\"elementor-widget-container\">\n\t\t\t\t\t\t\t<p style=\"text-align: center;\"><span style=\"font-size: 14pt; color: #0000ff;\"><strong><img decoding=\"async\" data-attachment-id=\"610\" data-permalink=\"https:\/\/saint-remy-chevreuse-tt.fr\/index.php\/palmares\/coupe-tt\/#main\" data-orig-file=\"https:\/\/i0.wp.com\/saint-remy-chevreuse-tt.fr\/wp-content\/uploads\/2018\/02\/Coupe-TT.jpg?fit=313%2C350&amp;ssl=1\" data-orig-size=\"313,350\" data-comments-opened=\"1\" data-image-meta=\"{&quot;aperture&quot;:&quot;0&quot;,&quot;credit&quot;:&quot;&quot;,&quot;camera&quot;:&quot;&quot;,&quot;caption&quot;:&quot;&quot;,&quot;created_timestamp&quot;:&quot;0&quot;,&quot;copyright&quot;:&quot;&quot;,&quot;focal_length&quot;:&quot;0&quot;,&quot;iso&quot;:&quot;0&quot;,&quot;shutter_speed&quot;:&quot;0&quot;,&quot;title&quot;:&quot;&quot;,&quot;orientation&quot;:&quot;0&quot;}\" data-image-title=\"Coupe TT\" data-image-description=\"\" data-image-caption=\"\" data-medium-file=\"https:\/\/i0.wp.com\/saint-remy-chevreuse-tt.fr\/wp-content\/uploads\/2018\/02\/Coupe-TT.jpg?fit=268%2C300&amp;ssl=1\" data-large-file=\"https:\/\/i0.wp.com\/saint-remy-chevreuse-tt.fr\/wp-content\/uploads\/2018\/02\/Coupe-TT.jpg?fit=313%2C350&amp;ssl=1\" tabindex=\"0\" role=\"button\" data-recalc-dims=\"1\" class=\" wp-image-610 alignleft\" src=\"https:\/\/i0.wp.com\/saint-remy-chevreuse-tt.fr\/wp-content\/uploads\/2018\/02\/Coupe-TT.jpg?resize=97%2C97\" alt=\"\" width=\"97\" height=\"97\" srcset=\"https:\/\/i0.wp.com\/saint-remy-chevreuse-tt.fr\/wp-content\/uploads\/2018\/02\/Coupe-TT.jpg?resize=150%2C150&amp;ssl=1 150w, https:\/\/i0.wp.com\/saint-remy-chevreuse-tt.fr\/wp-content\/uploads\/2018\/02\/Coupe-TT.jpg?resize=1%2C1&amp;ssl=1 1w, https:\/\/i0.wp.com\/saint-remy-chevreuse-tt.fr\/wp-content\/uploads\/2018\/02\/Coupe-TT.jpg?zoom=3&amp;resize=97%2C97 291w\" sizes=\"(max-width: 97px) 100vw, 97px\" \/><\/strong><\/span><\/p><p style=\"text-align: center;\"><span style=\"color: #0000ff;\"><strong><span style=\"font-size: 18pt;\"><span style=\"font-size: 14pt;\">Palmar\u00e8s du Club <br \/>de sa cr\u00e9ation le 1er juin 1977 \u00e0 juin 2020<\/span><\/span><\/strong><\/span><span style=\"font-size: 14pt; color: #0000ff;\"><strong><br \/><\/strong><\/span><\/p><p style=\"text-align: center;\"><span style=\"color: #0000ff; font-size: 24pt;\"><strong><br \/>819 PODIUMS<\/strong><\/span><\/p><p style=\"text-align: center;\"><span style=\"color: #0000ff;\"><strong><span style=\"text-decoration: underline; font-size: 12pt;\">264 Premi\u00e8res places sur le podium, titres et m\u00e9dailles d&rsquo;or<\/span><\/strong><\/span><\/p><p><strong><span style=\"color: #000000;\">1 niveau mondial<br \/><\/span><\/strong><strong><span style=\"color: #000000;\">2 niveau national<br \/><\/span><\/strong><strong><span style=\"color: #000000;\">14 niveau r\u00e9gional<br \/><\/span><\/strong><strong><span style=\"color: #000000;\">117 niveau d\u00e9partemental<br \/><\/span><\/strong><strong><span style=\"color: #000000;\">130 tournois divers<\/span><\/strong><\/p><p style=\"text-align: center;\"><span style=\"text-decoration: underline; color: #0000ff; font-size: 12pt;\"><strong>202 Deuxi\u00e8mes places sur le podium<\/strong><\/span><br \/><strong><span style=\"color: #000000;\">9 niveau r\u00e9gional<\/span><\/strong><br \/><strong><span style=\"color: #000000;\"> 108 niveau d\u00e9partemental<\/span><\/strong><br \/>\u00a0 <strong><span style=\"color: #000000;\"> 85 tournois divers<\/span><\/strong><\/p><p style=\"text-align: center;\"><span style=\"text-decoration: underline; font-size: 12pt;\"><strong><span style=\"color: #0000ff; text-decoration: underline;\">353 Troisi\u00e8mes places sur le podium<\/span><\/strong><\/span><br \/><span style=\"color: #000000;\"><strong>1 niveau<\/strong> international<br \/>19<strong> niveau r\u00e9gional<\/strong><\/span><br \/><span style=\"color: #000000;\"><strong> 205 niveau d\u00e9partemental<\/strong><\/span><br \/><span style=\"color: #000000;\"><strong> 122 tournois divers<br \/><\/strong><\/span><\/p><p style=\"text-align: center;\"><span style=\"font-size: 12pt;\"><strong><span style=\"text-decoration: underline;\"><span style=\"color: #0000ff; text-decoration: underline;\">24 Challenges et Troph\u00e9es divers<\/span><\/span><\/strong><\/span><\/p>\t\t\t\t\t\t<\/div>\n\t\t\t\t<\/div>\n\t\t\t\t\t<\/div>\n\t\t<\/div>\n\t\t\t\t\t<\/div>\n\t\t<\/section>\n\t\t\t\t<\/div>\n\t\t","protected":false},"excerpt":{"rendered":"<p>Palmar\u00e8s du Club de sa cr\u00e9ation le 1er juin 1977 \u00e0 juin 2020 819 PODIUMS 264 Premi\u00e8res places sur le podium, titres et m\u00e9dailles d&rsquo;or 1 niveau mondial2 niveau national14 niveau r\u00e9gional117 niveau d\u00e9partemental130 tournois divers 202 Deuxi\u00e8mes places sur le podium9 niveau r\u00e9gional 108 niveau d\u00e9partemental\u00a0 85 tournois divers 353 Troisi\u00e8mes places sur le [&hellip;]<\/p>\n","protected":false},"author":1,"featured_media":0,"parent":0,"menu_order":0,"comment_status":"closed","ping_status":"closed","template":"","meta":{"footnotes":""},"class_list":["post-607","page","type-page","status-publish","hentry"],"aioseo_notices":[],"jetpack_sharing_enabled":true,"jetpack_shortlink":"https:\/\/wp.me\/P9Eq5I-9N","jetpack_likes_enabled":false,"jetpack-related-posts":[],"post_mailing_queue_ids":[],"_links":{"self":[{"href":"https:\/\/saint-remy-chevreuse-tt.fr\/index.php\/wp-json\/wp\/v2\/pages\/607"}],"collection":[{"href":"https:\/\/saint-remy-chevreuse-tt.fr\/index.php\/wp-json\/wp\/v2\/pages"}],"about":[{"href":"https:\/\/saint-remy-chevreuse-tt.fr\/index.php\/wp-json\/wp\/v2\/types\/page"}],"author":[{"embeddable":true,"href":"https:\/\/saint-remy-chevreuse-tt.fr\/index.php\/wp-json\/wp\/v2\/users\/1"}],"replies":[{"embeddable":true,"href":"https:\/\/saint-remy-chevreuse-tt.fr\/index.php\/wp-json\/wp\/v2\/comments?post=607"}],"version-history":[{"count":15,"href":"https:\/\/saint-remy-chevreuse-tt.fr\/index.php\/wp-json\/wp\/v2\/pages\/607\/revisions"}],"predecessor-version":[{"id":2411,"href":"https:\/\/saint-remy-chevreuse-tt.fr\/index.php\/wp-json\/wp\/v2\/pages\/607\/revisions\/2411"}],"wp:attachment":[{"href":"https:\/\/saint-remy-chevreuse-tt.fr\/index.php\/wp-json\/wp\/v2\/media?parent=607"}],"curies":[{"name":"wp","href":"https:\/\/api.w.org\/{rel}","templated":true}]}}